{"id":895,"date":"2021-12-30T09:44:42","date_gmt":"2021-12-30T09:44:42","guid":{"rendered":"https:\/\/uztebesam.hr\/new\/?page_id=895"},"modified":"2022-01-05T10:58:10","modified_gmt":"2022-01-05T10:58:10","slug":"volonteri","status":"publish","type":"page","link":"https:\/\/www.uztebesam.hr\/index.php\/volonteri\/","title":{"rendered":"Volonteri"},"content":{"rendered":"\n<figure class=\"wp-block-image size-full\"><img fetchpriority=\"high\" decoding=\"async\" width=\"960\" height=\"383\" src=\"https:\/\/uztebesam.hr\/new\/wp-content\/uploads\/2022\/01\/vol.png\" alt=\"\" class=\"wp-image-2830\" srcset=\"https:\/\/www.uztebesam.hr\/wp-content\/uploads\/2022\/01\/vol.png 960w, https:\/\/www.uztebesam.hr\/wp-content\/uploads\/2022\/01\/vol-300x120.png 300w, https:\/\/www.uztebesam.hr\/wp-content\/uploads\/2022\/01\/vol-768x306.png 768w, https:\/\/www.uztebesam.hr\/wp-content\/uploads\/2022\/01\/vol-920x367.png 920w, https:\/\/www.uztebesam.hr\/wp-content\/uploads\/2022\/01\/vol-230x92.png 230w, https:\/\/www.uztebesam.hr\/wp-content\/uploads\/2022\/01\/vol-350x140.png 350w, https:\/\/www.uztebesam.hr\/wp-content\/uploads\/2022\/01\/vol-480x192.png 480w\" sizes=\"(max-width: 960px) 100vw, 960px\" \/><\/figure>\n\n\n\n<p>Volontiranje je dobrovoljni anga\u017eman pojedinca, koji se zasniva na dobroj volji, aktivizmu i solidarnosti. Zakon o volonterstvu u Hrvatskoj volontiranje definira kao: <em>Dobrovoljno ulaganje osobnog vremena, truda, znanja i vje\u0161tina kojima se obavljaju usluge ili aktivnosti za dobrobit druge osobe ili za zajedni\u010dku dobrobit, a obavljaju ih osobe na na\u010din predvi\u0111en ovim Zakonom, bez postojanja uvjeta isplate nov\u010dane nagrade ili potra\u017eivanja druge imovinske koristi za obavljeno volontiranje, ako ovim Zakonom nije druk\u010dije odre\u0111eno.<\/em><\/p>\n\n\n\n<p>VRSTE VOLONTIRANJA:<\/p>\n\n\n\n<ol class=\"wp-block-list\"><li><strong>Dugotrajno volontiranje<\/strong> je ono koje volonter obavlja redovito i kontinuirano, na tjednoj osnovi od najmanje tri mjeseca bez prekida. <\/li><li><strong>Kratkotrajno volontiranje<\/strong> je ono koje volonter obavlja jednokratno ili povremeno u vremenski ograni\u010denom trajanju.<\/li><li><strong>Volontiranje u kriznim situacijama<\/strong> je volontiranje koje volonter obavlja u situacijama koje nala\u017eu hitnost i u izvanrednim dru\u0161tvenim situacijama. <\/li><\/ol>\n\n\n\n<p><strong>Temeljna na\u010dela volontiranja:<\/strong><\/p>\n\n\n\n<ul class=\"wp-block-list\"><li>Na\u010delo besplatnosti volontiranja<\/li><li>Na\u010delo zabrane diskriminacije volontera i korisnika volontiranja<\/li><li>Na\u010delo transnacionalnosti volontiranja<\/li><li>Na\u010delo zabrane iskori\u0161tavanja volontera<\/li><li>Na\u010delo za\u0161tite korisnika volontiranja<\/li><li>Na\u010delo za\u0161tite maloljetnih volontera<\/li><li>Na\u010delo inkluzivnog volontiranja<\/li><li>Na\u010delo dobrovoljnosti i solidarnosti volontiranja<\/li><\/ul>\n\n\n\n<p>Ugovor o volontiranju mo\u017ee se sklopiti u usmenom i pisanom obliku, a pisani je obvezan u sljede\u0107im situacijama: -volontiranje povezano s pove\u0107anim rizicima za \u017eivot i zdravlje volontera, volontiranje stranih dr\u017eavljana u Republici Hrvatskoj, volontiranje dr\u017eavljana Republike Hrvatske u inozemstvu, a koje organiziraju ili suorganiziraju organizatori volontiranja sa sjedi\u0161tem u Republici Hrvatskoj dugotrajno volontiranje volontiranje s djecom, osobama s invaliditetom, starim i nemo\u0107nim osobama, bolesnim osobama ili osobama koje su potpuno ili djelomice li\u0161ene poslovne sposobnosti kad volonterka ili volonter to zahtijeva u drugim slu\u010dajevima odre\u0111enima ovim Zakonom.<\/p>\n\n\n\n<p>Prava volontera: pisana potvrda o volontiranju, sklapanje ugovora u pisanom obliku, edukacija s ciljem pobolj\u0161anja kvalitete obavljenih aktivnosti, primjereni i sigurni uvjeti rada te potrebna za\u0161titna oprema, naknada ugovorenih tro\u0161kova nastalih u vezi s volontiranjem, sudjelovanje u odlu\u010divanju o pitanjima vezanim za volontiranje, upoznavanje s uvjetima volontiranja i pravima, potvrda o ste\u010denim kompetencijama kroz volontiranje (dugotrajno), dnevni odmor u ugovorenom trajanju, za\u0161tita privatnosti i osobnih podataka, stru\u010dna pomo\u0107 i podr\u0161ka tijekom volontiranja, upoznavanje s opasnostima, stjecanje i priznavanje novih znanja, vje\u0161tina i kompetencija.<\/p>\n\n\n\n<p>Izvor: Zakon o volonterstvu (\u00bbNarodne novine\u00ab broj 58\/07.)<\/p>\n","protected":false},"excerpt":{"rendered":"<p>Volontiranje je dobrovoljni anga\u017eman pojedinca, koji se zasniva na dobroj volji, aktivizmu i solidarnosti. Zakon o volonterstvu u Hrvatskoj volontiranje definira kao: Dobrovoljno ulaganje osobnog vremena, truda, znanja i vje\u0161tina [&hellip;]<\/p>\n","protected":false},"author":1,"featured_media":0,"parent":0,"menu_order":0,"comment_status":"closed","ping_status":"closed","template":"elementor_theme","meta":{"footnotes":""},"class_list":["post-895","page","type-page","status-publish","hentry"],"_links":{"self":[{"href":"https:\/\/www.uztebesam.hr\/index.php\/wp-json\/wp\/v2\/pages\/895","targetHints":{"allow":["GET"]}}],"collection":[{"href":"https:\/\/www.uztebesam.hr\/index.php\/wp-json\/wp\/v2\/pages"}],"about":[{"href":"https:\/\/www.uztebesam.hr\/index.php\/wp-json\/wp\/v2\/types\/page"}],"author":[{"embeddable":true,"href":"https:\/\/www.uztebesam.hr\/index.php\/wp-json\/wp\/v2\/users\/1"}],"replies":[{"embeddable":true,"href":"https:\/\/www.uztebesam.hr\/index.php\/wp-json\/wp\/v2\/comments?post=895"}],"version-history":[{"count":5,"href":"https:\/\/www.uztebesam.hr\/index.php\/wp-json\/wp\/v2\/pages\/895\/revisions"}],"predecessor-version":[{"id":2832,"href":"https:\/\/www.uztebesam.hr\/index.php\/wp-json\/wp\/v2\/pages\/895\/revisions\/2832"}],"wp:attachment":[{"href":"https:\/\/www.uztebesam.hr\/index.php\/wp-json\/wp\/v2\/media?parent=895"}],"curies":[{"name":"wp","href":"https:\/\/api.w.org\/{rel}","templated":true}]}}