{"id":3141,"date":"2022-06-29T13:01:25","date_gmt":"2022-06-29T11:01:25","guid":{"rendered":"https:\/\/www.uztebesam.hr\/?page_id=3141"},"modified":"2022-06-29T13:01:26","modified_gmt":"2022-06-29T11:01:26","slug":"vjetar-u-leda","status":"publish","type":"page","link":"https:\/\/www.uztebesam.hr\/index.php\/vjetar-u-leda\/","title":{"rendered":"\u201eVjetar u le\u0111a\u201c"},"content":{"rendered":"\n<p>Projekt \u201eVjetar u le\u0111a\u201c odnosi se na pru\u017eanje usluga logopeda, edukacijskog<br>rehabilitatora te fizikalnog terapeuta djeci s te\u0161ko\u0107ama u razvoju osnovno \u0161kolskog<br>uzrasta.<br>Usluga logopeda usmjerena je na otkrivanje i otklanjanje govornih pote\u0161ko\u0107a, a<br>ostvaruje se kroz postupke prevencije, dijagnostike, tretmana, te savjetodavne<br>pomo\u0107i i edukacije.<br>Logoped \u0107e uz terapije s djecom, pru\u017eiti i savjetodavnu pomo\u0107 roditeljima kako bi<br>mogli samostalno raditi sa djecom kod ku\u0107e. Rad logopeda je osmi\u0161ljen na na\u010din da<br>\u0107e se djeci pristupa individualno, tj. bit \u0107e zastupljen individualan oblik rada.<\/p>\n\n\n\n<p><br>Rad edukacijskog rehabilitatora osmi\u0161ljen je na na\u010din da edukator radi s djecom s<br>te\u0161ko\u0107ama u razvoju u grupi, kako bi unaprijedila vje\u0161tine fine motorike,<br>komunikacijske i socijalizacijske vje\u0161tine te svakodnevne vje\u0161tine i vje\u0161tine brige o<br>sebi koje su nu\u017ene kako bi se \u0161to lak\u0161e sna\u0161la u programu odgoja i obrazovanja.<br>Aktivnosti su u vidu grupne radionice na kojima sudjeluje 3-5 djece (\u0161to je<br>maksimalan broj djece s obzirom na njihove te\u0161ko\u0107e).<\/p>\n\n\n\n<p><br>Rad fizikalnog terapeuta usmjeren je na mi\u0161i\u0107nu pokretljivost. Razvit \u0107e se, odr\u017eati i<br>obnoviti maksimalna funkcionalnost i pokretljivost mi\u0161i\u0107a, koja je nu\u017eni vid terapije za<br>djecu s te\u0161ko\u0107ama u razvoju.<\/p>\n\n\n\n<p>Za sve ostale informacije obratite nam se na e-mail: info@uztebesam.hr ili broj<br>telefona 0981840173.<\/p>\n\n\n\n<p><br>Prijave za sudjelovanje na radionicama su obvezne.<\/p>\n\n\n\n<p><br>Projekt traje od lipnja do prosinca 2022., a financira ga Grad Vara\u017edin.<\/p>\n\n\n\n<figure class=\"wp-block-gallery has-nested-images columns-default is-cropped wp-block-gallery-1 is-layout-flex wp-block-gallery-is-layout-flex\">\n<figure class=\"wp-block-image size-large\"><img fetchpriority=\"high\" decoding=\"async\" width=\"1024\" height=\"767\" data-id=\"3145\" src=\"https:\/\/www.uztebesam.hr\/wp-content\/uploads\/2022\/06\/Vjetar-u-leda-1-1024x767.jpg\" alt=\"\" class=\"wp-image-3145\" srcset=\"https:\/\/www.uztebesam.hr\/wp-content\/uploads\/2022\/06\/Vjetar-u-leda-1-1024x767.jpg 1024w, https:\/\/www.uztebesam.hr\/wp-content\/uploads\/2022\/06\/Vjetar-u-leda-1-300x225.jpg 300w, https:\/\/www.uztebesam.hr\/wp-content\/uploads\/2022\/06\/Vjetar-u-leda-1-768x575.jpg 768w, https:\/\/www.uztebesam.hr\/wp-content\/uploads\/2022\/06\/Vjetar-u-leda-1-1536x1150.jpg 1536w, https:\/\/www.uztebesam.hr\/wp-content\/uploads\/2022\/06\/Vjetar-u-leda-1-920x689.jpg 920w, https:\/\/www.uztebesam.hr\/wp-content\/uploads\/2022\/06\/Vjetar-u-leda-1-230x172.jpg 230w, https:\/\/www.uztebesam.hr\/wp-content\/uploads\/2022\/06\/Vjetar-u-leda-1-350x262.jpg 350w, https:\/\/www.uztebesam.hr\/wp-content\/uploads\/2022\/06\/Vjetar-u-leda-1-480x359.jpg 480w, https:\/\/www.uztebesam.hr\/wp-content\/uploads\/2022\/06\/Vjetar-u-leda-1.jpg 1800w\" sizes=\"(max-width: 1024px) 100vw, 1024px\" \/><\/figure>\n\n\n\n<figure class=\"wp-block-image size-large\"><img decoding=\"async\" width=\"1024\" height=\"769\" data-id=\"3144\" src=\"https:\/\/www.uztebesam.hr\/wp-content\/uploads\/2022\/06\/Vjetar-u-leda-2-1024x769.jpg\" alt=\"\" class=\"wp-image-3144\" srcset=\"https:\/\/www.uztebesam.hr\/wp-content\/uploads\/2022\/06\/Vjetar-u-leda-2-1024x769.jpg 1024w, https:\/\/www.uztebesam.hr\/wp-content\/uploads\/2022\/06\/Vjetar-u-leda-2-300x225.jpg 300w, https:\/\/www.uztebesam.hr\/wp-content\/uploads\/2022\/06\/Vjetar-u-leda-2-768x576.jpg 768w, https:\/\/www.uztebesam.hr\/wp-content\/uploads\/2022\/06\/Vjetar-u-leda-2-1536x1153.jpg 1536w, https:\/\/www.uztebesam.hr\/wp-content\/uploads\/2022\/06\/Vjetar-u-leda-2-920x691.jpg 920w, https:\/\/www.uztebesam.hr\/wp-content\/uploads\/2022\/06\/Vjetar-u-leda-2-230x173.jpg 230w, https:\/\/www.uztebesam.hr\/wp-content\/uploads\/2022\/06\/Vjetar-u-leda-2-350x263.jpg 350w, https:\/\/www.uztebesam.hr\/wp-content\/uploads\/2022\/06\/Vjetar-u-leda-2-480x360.jpg 480w, https:\/\/www.uztebesam.hr\/wp-content\/uploads\/2022\/06\/Vjetar-u-leda-2.jpg 1600w\" sizes=\"(max-width: 1024px) 100vw, 1024px\" \/><\/figure>\n\n\n\n<figure class=\"wp-block-image size-large\"><img decoding=\"async\" width=\"1024\" height=\"769\" data-id=\"3143\" src=\"https:\/\/www.uztebesam.hr\/wp-content\/uploads\/2022\/06\/Vjetar-u-leda-3-1024x769.jpg\" alt=\"\" class=\"wp-image-3143\" srcset=\"https:\/\/www.uztebesam.hr\/wp-content\/uploads\/2022\/06\/Vjetar-u-leda-3-1024x769.jpg 1024w, https:\/\/www.uztebesam.hr\/wp-content\/uploads\/2022\/06\/Vjetar-u-leda-3-300x225.jpg 300w, https:\/\/www.uztebesam.hr\/wp-content\/uploads\/2022\/06\/Vjetar-u-leda-3-768x576.jpg 768w, https:\/\/www.uztebesam.hr\/wp-content\/uploads\/2022\/06\/Vjetar-u-leda-3-1536x1153.jpg 1536w, https:\/\/www.uztebesam.hr\/wp-content\/uploads\/2022\/06\/Vjetar-u-leda-3-920x691.jpg 920w, https:\/\/www.uztebesam.hr\/wp-content\/uploads\/2022\/06\/Vjetar-u-leda-3-230x173.jpg 230w, https:\/\/www.uztebesam.hr\/wp-content\/uploads\/2022\/06\/Vjetar-u-leda-3-350x263.jpg 350w, https:\/\/www.uztebesam.hr\/wp-content\/uploads\/2022\/06\/Vjetar-u-leda-3-480x360.jpg 480w, https:\/\/www.uztebesam.hr\/wp-content\/uploads\/2022\/06\/Vjetar-u-leda-3.jpg 1600w\" sizes=\"(max-width: 1024px) 100vw, 1024px\" \/><\/figure>\n\n\n\n<figure class=\"wp-block-image size-large\"><img loading=\"lazy\" decoding=\"async\" width=\"1024\" height=\"768\" data-id=\"3142\" src=\"https:\/\/www.uztebesam.hr\/wp-content\/uploads\/2022\/06\/Vjetar-u-leda-4-1024x768.jpg\" alt=\"\" class=\"wp-image-3142\" srcset=\"https:\/\/www.uztebesam.hr\/wp-content\/uploads\/2022\/06\/Vjetar-u-leda-4-1024x768.jpg 1024w, https:\/\/www.uztebesam.hr\/wp-content\/uploads\/2022\/06\/Vjetar-u-leda-4-300x225.jpg 300w, https:\/\/www.uztebesam.hr\/wp-content\/uploads\/2022\/06\/Vjetar-u-leda-4-768x576.jpg 768w, https:\/\/www.uztebesam.hr\/wp-content\/uploads\/2022\/06\/Vjetar-u-leda-4-1536x1152.jpg 1536w, https:\/\/www.uztebesam.hr\/wp-content\/uploads\/2022\/06\/Vjetar-u-leda-4-920x690.jpg 920w, https:\/\/www.uztebesam.hr\/wp-content\/uploads\/2022\/06\/Vjetar-u-leda-4-230x173.jpg 230w, https:\/\/www.uztebesam.hr\/wp-content\/uploads\/2022\/06\/Vjetar-u-leda-4-350x263.jpg 350w, https:\/\/www.uztebesam.hr\/wp-content\/uploads\/2022\/06\/Vjetar-u-leda-4-480x360.jpg 480w, https:\/\/www.uztebesam.hr\/wp-content\/uploads\/2022\/06\/Vjetar-u-leda-4.jpg 1600w\" sizes=\"(max-width: 1024px) 100vw, 1024px\" \/><\/figure>\n<\/figure>\n","protected":false},"excerpt":{"rendered":"<p>Projekt \u201eVjetar u le\u0111a\u201c odnosi se na pru\u017eanje usluga logopeda, edukacijskogrehabilitatora te fizikalnog terapeuta djeci s te\u0161ko\u0107ama u razvoju osnovno \u0161kolskoguzrasta.Usluga logopeda usmjerena je na otkrivanje i otklanjanje govornih pote\u0161ko\u0107a, [&hellip;]<\/p>\n","protected":false},"author":1,"featured_media":0,"parent":0,"menu_order":0,"comment_status":"closed","ping_status":"closed","template":"","meta":{"footnotes":""},"class_list":["post-3141","page","type-page","status-publish","hentry"],"_links":{"self":[{"href":"https:\/\/www.uztebesam.hr\/index.php\/wp-json\/wp\/v2\/pages\/3141","targetHints":{"allow":["GET"]}}],"collection":[{"href":"https:\/\/www.uztebesam.hr\/index.php\/wp-json\/wp\/v2\/pages"}],"about":[{"href":"https:\/\/www.uztebesam.hr\/index.php\/wp-json\/wp\/v2\/types\/page"}],"author":[{"embeddable":true,"href":"https:\/\/www.uztebesam.hr\/index.php\/wp-json\/wp\/v2\/users\/1"}],"replies":[{"embeddable":true,"href":"https:\/\/www.uztebesam.hr\/index.php\/wp-json\/wp\/v2\/comments?post=3141"}],"version-history":[{"count":1,"href":"https:\/\/www.uztebesam.hr\/index.php\/wp-json\/wp\/v2\/pages\/3141\/revisions"}],"predecessor-version":[{"id":3146,"href":"https:\/\/www.uztebesam.hr\/index.php\/wp-json\/wp\/v2\/pages\/3141\/revisions\/3146"}],"wp:attachment":[{"href":"https:\/\/www.uztebesam.hr\/index.php\/wp-json\/wp\/v2\/media?parent=3141"}],"curies":[{"name":"wp","href":"https:\/\/api.w.org\/{rel}","templated":true}]}}