{"id":3134,"date":"2022-06-29T12:56:42","date_gmt":"2022-06-29T10:56:42","guid":{"rendered":"https:\/\/www.uztebesam.hr\/?page_id=3134"},"modified":"2022-06-29T12:57:59","modified_gmt":"2022-06-29T10:57:59","slug":"subotnja-cajanka","status":"publish","type":"page","link":"https:\/\/www.uztebesam.hr\/index.php\/subotnja-cajanka\/","title":{"rendered":"Subotnja \u010dajanka"},"content":{"rendered":"\n<p>Subotnja \u010dajanka je projekt namijenjen mladim osobama s invaliditetom, koji na<br>inovativan na\u010din pribli\u017eava biljni svijet osobama s invaliditetom, upoznaje ih sa<br>prirodom i razli\u010ditim biljnim vrstama, te razli\u010ditim vrstama biljnih \u010dajeva koji \u0107e se<br>tokom radionica ku\u0161ati. Projekt ima ekolo\u0161ku komponentu u vidu edukacije o za\u0161titi<br>okoli\u0161a i po\u0161tivanja prirode kao takve.<\/p>\n\n\n\n<p><br>Radi se o nizu edukativnih, glazbenih, likovnih, literarnih, znanstvenih radionica koje<br>su namijenjene mladim osobama s invaliditetom s ciljem poticanja socijalizacije,<br>samopouzdanja, ma\u0161te, kreativnosti, odr\u017eavanja njihovih intelektualnih sposobnosti<br>na optimalnoj razini, razvijanja vje\u0161tina i vizualne percepcije, otkrivanje vlastitih<br>sposobnosti, kvalitetnog ispunjavanja slobodnog vremena, razvijanja osje\u0107aja za<br>ritam i pisanu rije\u010d, promicanja humanih vrednota, uva\u017eavanja tu\u0111eg mi\u0161ljenja. Tema<br>svake radionice je jedna vrsta \u010daja, koja \u0107e se ku\u0161ati na radionici uz poticanje<br>razgovora i govorno-jezi\u010dnih sposobnosti.<\/p>\n\n\n\n<p><br>Projekt financira Vara\u017edinska \u017eupanija, a traje od lipnja do prosinca 2022. godine.<br>Prijave za radionice su obvezne na e- mail: info@uztebesam.hr<\/p>\n\n\n\n<figure class=\"wp-block-gallery has-nested-images columns-default is-cropped wp-block-gallery-1 is-layout-flex wp-block-gallery-is-layout-flex\">\n<figure class=\"wp-block-image size-large\"><img fetchpriority=\"high\" decoding=\"async\" width=\"1024\" height=\"767\" data-id=\"3135\" src=\"https:\/\/www.uztebesam.hr\/wp-content\/uploads\/2022\/06\/viber_slika_2022-06-25_13-43-30-629-1024x767.jpg\" alt=\"\" class=\"wp-image-3135\" srcset=\"https:\/\/www.uztebesam.hr\/wp-content\/uploads\/2022\/06\/viber_slika_2022-06-25_13-43-30-629-1024x767.jpg 1024w, https:\/\/www.uztebesam.hr\/wp-content\/uploads\/2022\/06\/viber_slika_2022-06-25_13-43-30-629-300x225.jpg 300w, https:\/\/www.uztebesam.hr\/wp-content\/uploads\/2022\/06\/viber_slika_2022-06-25_13-43-30-629-768x575.jpg 768w, https:\/\/www.uztebesam.hr\/wp-content\/uploads\/2022\/06\/viber_slika_2022-06-25_13-43-30-629-1536x1150.jpg 1536w, https:\/\/www.uztebesam.hr\/wp-content\/uploads\/2022\/06\/viber_slika_2022-06-25_13-43-30-629-920x689.jpg 920w, https:\/\/www.uztebesam.hr\/wp-content\/uploads\/2022\/06\/viber_slika_2022-06-25_13-43-30-629-230x172.jpg 230w, https:\/\/www.uztebesam.hr\/wp-content\/uploads\/2022\/06\/viber_slika_2022-06-25_13-43-30-629-350x262.jpg 350w, https:\/\/www.uztebesam.hr\/wp-content\/uploads\/2022\/06\/viber_slika_2022-06-25_13-43-30-629-480x359.jpg 480w, https:\/\/www.uztebesam.hr\/wp-content\/uploads\/2022\/06\/viber_slika_2022-06-25_13-43-30-629.jpg 1800w\" sizes=\"(max-width: 1024px) 100vw, 1024px\" \/><figcaption>Subotnja \u010dajanka<\/figcaption><\/figure>\n<\/figure>\n","protected":false},"excerpt":{"rendered":"<p>Subotnja \u010dajanka je projekt namijenjen mladim osobama s invaliditetom, koji nainovativan na\u010din pribli\u017eava biljni svijet osobama s invaliditetom, upoznaje ih saprirodom i razli\u010ditim biljnim vrstama, te razli\u010ditim vrstama biljnih \u010dajeva [&hellip;]<\/p>\n","protected":false},"author":1,"featured_media":0,"parent":0,"menu_order":0,"comment_status":"closed","ping_status":"closed","template":"","meta":{"footnotes":""},"class_list":["post-3134","page","type-page","status-publish","hentry"],"_links":{"self":[{"href":"https:\/\/www.uztebesam.hr\/index.php\/wp-json\/wp\/v2\/pages\/3134","targetHints":{"allow":["GET"]}}],"collection":[{"href":"https:\/\/www.uztebesam.hr\/index.php\/wp-json\/wp\/v2\/pages"}],"about":[{"href":"https:\/\/www.uztebesam.hr\/index.php\/wp-json\/wp\/v2\/types\/page"}],"author":[{"embeddable":true,"href":"https:\/\/www.uztebesam.hr\/index.php\/wp-json\/wp\/v2\/users\/1"}],"replies":[{"embeddable":true,"href":"https:\/\/www.uztebesam.hr\/index.php\/wp-json\/wp\/v2\/comments?post=3134"}],"version-history":[{"count":2,"href":"https:\/\/www.uztebesam.hr\/index.php\/wp-json\/wp\/v2\/pages\/3134\/revisions"}],"predecessor-version":[{"id":3138,"href":"https:\/\/www.uztebesam.hr\/index.php\/wp-json\/wp\/v2\/pages\/3134\/revisions\/3138"}],"wp:attachment":[{"href":"https:\/\/www.uztebesam.hr\/index.php\/wp-json\/wp\/v2\/media?parent=3134"}],"curies":[{"name":"wp","href":"https:\/\/api.w.org\/{rel}","templated":true}]}}