{"id":2599,"date":"2022-01-03T18:37:17","date_gmt":"2022-01-03T18:37:17","guid":{"rendered":"https:\/\/uztebesam.hr\/new\/?page_id=2599"},"modified":"2022-01-04T17:51:15","modified_gmt":"2022-01-04T17:51:15","slug":"volontiraj-i-ti","status":"publish","type":"page","link":"https:\/\/www.uztebesam.hr\/index.php\/volontiraj-i-ti\/","title":{"rendered":"Volontiraj i TI!"},"content":{"rendered":"\n<p>Volontiranje u na\u0161oj Udruzi je mogu\u0107e na nekoliko na\u010dina:<\/p>\n\n\n\n<ol class=\"wp-block-list\"><li>Na radionicama za mlade osobe s invaliditetom (znanstvene, glazbeno-plesne, literarne, likovne) &#8211; na ovaj na\u010din poma\u017ee\u0161 jednom korisniku (mladoj osobi s invaliditetom) u izvr\u0161enju zadataka. Boji\u0161 se kako \u0107e\u0161 to izvesti? Nema mjesta strahu &#8211; tu su drugi iskusniji volonteri da ti pomognu, prethodno \u0107e biti kratka edukacija, a ekipa na\u0161ih korisnika je vesela! <\/li><li>Pomo\u0107u u\u010denju &#8211; pomo\u0107 u\u010denicima osnovno\u0161kolskog uzrasta u obja\u0161njavanju gradiva te uvje\u017ebavanju i ponavljanju nastavnih sadr\u017eaja. Javi nam koja je tvoja struka i dogovorit \u0107emo sve detalje!<\/li><li>Asistencija mladim osobama s invaliditetom i djeci s te\u0161ko\u0107ama u razvoju na izletima i dru\u017eenjima. Izletiiii, volimo izlete! \u0160to ka\u017ee\u0161 na jedan izlet. Ima i fine klope. A usput \u010dini\u0161 dobro djelo i omogu\u0107ava\u0161 nekome kome je malo te\u017ee da i on\/a realizira izlet.<\/li><li>Tehni\u010dka pomo\u0107 kod odr\u017eavanja razli\u010ditih radionica i predstavljanja udruge na razli\u010ditim doga\u0111ajima.<\/li><li>Ma svi drugi nenabrojani na\u010dini! Bitno je da ima\u0161 motivaciju. Godine nisu va\u017ene!<\/li><\/ol>\n\n\n\n<div class=\"wp-block-media-text alignwide is-stacked-on-mobile\" style=\"grid-template-columns:15% auto\"><figure class=\"wp-block-media-text__media\"><img fetchpriority=\"high\" decoding=\"async\" width=\"807\" height=\"720\" src=\"https:\/\/uztebesam.hr\/new\/wp-content\/uploads\/2022\/01\/volon.png\" alt=\"\" class=\"wp-image-2763 size-full\" srcset=\"https:\/\/www.uztebesam.hr\/wp-content\/uploads\/2022\/01\/volon.png 807w, https:\/\/www.uztebesam.hr\/wp-content\/uploads\/2022\/01\/volon-300x268.png 300w, https:\/\/www.uztebesam.hr\/wp-content\/uploads\/2022\/01\/volon-768x685.png 768w, https:\/\/www.uztebesam.hr\/wp-content\/uploads\/2022\/01\/volon-230x205.png 230w, https:\/\/www.uztebesam.hr\/wp-content\/uploads\/2022\/01\/volon-350x312.png 350w, https:\/\/www.uztebesam.hr\/wp-content\/uploads\/2022\/01\/volon-480x428.png 480w\" sizes=\"(max-width: 807px) 100vw, 807px\" \/><\/figure><div class=\"wp-block-media-text__content\">\n<p>Privla\u010di te volontiranje? <strong><a href=\"https:\/\/uztebesam.hr\/new\/index.php\/contact\/\" data-type=\"URL\" data-id=\"https:\/\/uztebesam.hr\/new\/index.php\/contact\/\">Pi\u0161i nam<\/a>! Tko si, koliko ima\u0161 godina, \u010dime se bavi\u0161 u \u017eivotu, koji su tvoji interesi? Zanima nas sve! U na\u0161oj udruzi si dobrodo\u0161ao\/dobrodo\u0161la kao volonter!<\/strong> <\/p>\n\n\n\n<p>i<strong>nfo@uztebesam.hr<\/strong> je tvoja adresa!<\/p>\n<\/div><\/div>\n\n\n\n<p><\/p>\n","protected":false},"excerpt":{"rendered":"<p>Volontiranje u na\u0161oj Udruzi je mogu\u0107e na nekoliko na\u010dina: Na radionicama za mlade osobe s invaliditetom (znanstvene, glazbeno-plesne, literarne, likovne) &#8211; na ovaj na\u010din poma\u017ee\u0161 jednom korisniku (mladoj osobi s [&hellip;]<\/p>\n","protected":false},"author":1,"featured_media":0,"parent":0,"menu_order":0,"comment_status":"closed","ping_status":"closed","template":"","meta":{"footnotes":""},"class_list":["post-2599","page","type-page","status-publish","hentry"],"_links":{"self":[{"href":"https:\/\/www.uztebesam.hr\/index.php\/wp-json\/wp\/v2\/pages\/2599","targetHints":{"allow":["GET"]}}],"collection":[{"href":"https:\/\/www.uztebesam.hr\/index.php\/wp-json\/wp\/v2\/pages"}],"about":[{"href":"https:\/\/www.uztebesam.hr\/index.php\/wp-json\/wp\/v2\/types\/page"}],"author":[{"embeddable":true,"href":"https:\/\/www.uztebesam.hr\/index.php\/wp-json\/wp\/v2\/users\/1"}],"replies":[{"embeddable":true,"href":"https:\/\/www.uztebesam.hr\/index.php\/wp-json\/wp\/v2\/comments?post=2599"}],"version-history":[{"count":6,"href":"https:\/\/www.uztebesam.hr\/index.php\/wp-json\/wp\/v2\/pages\/2599\/revisions"}],"predecessor-version":[{"id":2769,"href":"https:\/\/www.uztebesam.hr\/index.php\/wp-json\/wp\/v2\/pages\/2599\/revisions\/2769"}],"wp:attachment":[{"href":"https:\/\/www.uztebesam.hr\/index.php\/wp-json\/wp\/v2\/media?parent=2599"}],"curies":[{"name":"wp","href":"https:\/\/api.w.org\/{rel}","templated":true}]}}

<p>Volontiranje u našoj Udruzi je moguće na nekoliko načina:</p>



<ol class="wp-block-list"><li>Na radionicama za mlade osobe s invaliditetom (znanstvene, glazbeno-plesne, literarne, likovne) &#8211; na ovaj način pomažeš jednom korisniku (mladoj osobi s invaliditetom) u izvršenju zadataka. Bojiš se kako ćeš to izvesti? Nema mjesta strahu &#8211; tu su drugi iskusniji volonteri da ti pomognu, prethodno će biti kratka edukacija, a ekipa naših korisnika je vesela! </li><li>Pomoću učenju &#8211; pomoć učenicima osnovnoškolskog uzrasta u objašnjavanju gradiva te uvježbavanju i ponavljanju nastavnih sadržaja. Javi nam koja je tvoja struka i dogovorit ćemo sve detalje!</li><li>Asistencija mladim osobama s invaliditetom i djeci s teškoćama u razvoju na izletima i druženjima. Izletiiii, volimo izlete! Što kažeš na jedan izlet. Ima i fine klope. A usput činiš dobro djelo i omogućavaš nekome kome je malo teže da i on/a realizira izlet.</li><li>Tehnička pomoć kod održavanja različitih radionica i predstavljanja udruge na različitim događajima.</li><li>Ma svi drugi nenabrojani načini! Bitno je da imaš motivaciju. Godine nisu važne!</li></ol>



<div class="wp-block-media-text alignwide is-stacked-on-mobile" style="grid-template-columns:15% auto"><figure class="wp-block-media-text__media"><img fetchpriority="high" decoding="async" width="807" height="720" src="https://uztebesam.hr/new/wp-content/uploads/2022/01/volon.png" alt="" class="wp-image-2763 size-full" srcset="https://www.uztebesam.hr/wp-content/uploads/2022/01/volon.png 807w, https://www.uztebesam.hr/wp-content/uploads/2022/01/volon-300x268.png 300w, https://www.uztebesam.hr/wp-content/uploads/2022/01/volon-768x685.png 768w, https://www.uztebesam.hr/wp-content/uploads/2022/01/volon-230x205.png 230w, https://www.uztebesam.hr/wp-content/uploads/2022/01/volon-350x312.png 350w, https://www.uztebesam.hr/wp-content/uploads/2022/01/volon-480x428.png 480w" sizes="(max-width: 807px) 100vw, 807px" /></figure><div class="wp-block-media-text__content">
<p>Privlači te volontiranje? <strong><a href="https://uztebesam.hr/new/index.php/contact/" data-type="URL" data-id="https://uztebesam.hr/new/index.php/contact/">Piši nam</a>! Tko si, koliko imaš godina, čime se baviš u životu, koji su tvoji interesi? Zanima nas sve! U našoj udruzi si dobrodošao/dobrodošla kao volonter!</strong> </p>



<p>i<strong>nfo@uztebesam.hr</strong> je tvoja adresa!</p>
</div></div>



<p></p>

<p>Volontiranje u našoj Udruzi je moguće na nekoliko načina: Na radionicama za mlade osobe s invaliditetom (znanstvene, glazbeno-plesne, literarne, likovne) &#8211; na ovaj način pomažeš jednom korisniku (mladoj osobi s [&hellip;]</p>
