{"id":2588,"date":"2022-01-03T18:04:54","date_gmt":"2022-01-03T18:04:54","guid":{"rendered":"https:\/\/uztebesam.hr\/new\/?page_id=2588"},"modified":"2022-02-09T13:57:13","modified_gmt":"2022-02-09T12:57:13","slug":"uz-tebe-sam","status":"publish","type":"page","link":"https:\/\/www.uztebesam.hr\/index.php\/uz-tebe-sam\/","title":{"rendered":"Uz tebe sam"},"content":{"rendered":"\n<p>Cilj projekta jest osigurati kvalitetniji \u017eivot osoba s invaliditetom, pove\u0107ati socijalnu uklju\u010denost osoba s najte\u017eom vrstom i stupnjem invaliditeta i intelektualnim te\u0161ko\u0107ama te zaposliti osobe u nepovoljnom polo\u017eaju na tr\u017ei\u0161tu rada.&nbsp;<\/p>\n\n\n\n<p>Ciljna skupina projekta su osobe s najte\u017eom vrstom i stupnjem invaliditeta te intelektualnim te\u0161ko\u0107ama. Osobni asistenti pru\u017eaju podr\u0161ku osobama s invaliditetom u provo\u0111enju aktivnosti svakodnevnog \u017eivljenja i samozbrinjavanja poput: pripremanja hrane i hranjenja, obavljanja fiziolo\u0161kih potreba, odijevanja, transfera, odr\u017eavanja osobne higijene, mobilnosti, obavljanja administrativnih poslova, pratnju i pomo\u0107 u razli\u010ditim socijalnim aktivnostima.&nbsp;<\/p>\n\n\n\n<p>Usluga osobne asistencije u na\u0161oj udruzi se provodi od 2016. godine, a trenutno je obuhva\u0107eno 6 korisnika.<\/p>\n\n\n\n<div class=\"wp-block-columns is-layout-flex wp-container-core-columns-is-layout-28f84493 wp-block-columns-is-layout-flex\">\n<div class=\"wp-block-column is-layout-flow wp-block-column-is-layout-flow\">\n<figure class=\"wp-block-image size-full\"><img fetchpriority=\"high\" decoding=\"async\" width=\"720\" height=\"541\" src=\"https:\/\/uztebesam.hr\/wp-content\/uploads\/2022\/01\/Osobna-asistencija.jpg\" alt=\"\" class=\"wp-image-2913\" srcset=\"https:\/\/www.uztebesam.hr\/wp-content\/uploads\/2022\/01\/Osobna-asistencija.jpg 720w, https:\/\/www.uztebesam.hr\/wp-content\/uploads\/2022\/01\/Osobna-asistencija-300x225.jpg 300w, https:\/\/www.uztebesam.hr\/wp-content\/uploads\/2022\/01\/Osobna-asistencija-230x173.jpg 230w, https:\/\/www.uztebesam.hr\/wp-content\/uploads\/2022\/01\/Osobna-asistencija-350x263.jpg 350w, https:\/\/www.uztebesam.hr\/wp-content\/uploads\/2022\/01\/Osobna-asistencija-480x361.jpg 480w\" sizes=\"(max-width: 720px) 100vw, 720px\" \/><\/figure>\n<\/div>\n\n\n\n<div class=\"wp-block-column is-layout-flow wp-block-column-is-layout-flow\">\n<figure class=\"wp-block-image size-large\"><img decoding=\"async\" width=\"1024\" height=\"768\" src=\"https:\/\/uztebesam.hr\/wp-content\/uploads\/2022\/01\/Nordijsko-hodanje-1024x768.jpg\" alt=\"\" class=\"wp-image-2915\" srcset=\"https:\/\/www.uztebesam.hr\/wp-content\/uploads\/2022\/01\/Nordijsko-hodanje-1024x768.jpg 1024w, https:\/\/www.uztebesam.hr\/wp-content\/uploads\/2022\/01\/Nordijsko-hodanje-300x225.jpg 300w, https:\/\/www.uztebesam.hr\/wp-content\/uploads\/2022\/01\/Nordijsko-hodanje-768x576.jpg 768w, https:\/\/www.uztebesam.hr\/wp-content\/uploads\/2022\/01\/Nordijsko-hodanje-920x690.jpg 920w, https:\/\/www.uztebesam.hr\/wp-content\/uploads\/2022\/01\/Nordijsko-hodanje-230x173.jpg 230w, https:\/\/www.uztebesam.hr\/wp-content\/uploads\/2022\/01\/Nordijsko-hodanje-350x263.jpg 350w, https:\/\/www.uztebesam.hr\/wp-content\/uploads\/2022\/01\/Nordijsko-hodanje-480x360.jpg 480w, https:\/\/www.uztebesam.hr\/wp-content\/uploads\/2022\/01\/Nordijsko-hodanje.jpg 1248w\" sizes=\"(max-width: 1024px) 100vw, 1024px\" \/><\/figure>\n<\/div>\n<\/div>\n","protected":false},"excerpt":{"rendered":"<p>Cilj projekta jest osigurati kvalitetniji \u017eivot osoba s invaliditetom, pove\u0107ati socijalnu uklju\u010denost osoba s najte\u017eom vrstom i stupnjem invaliditeta i intelektualnim te\u0161ko\u0107ama te zaposliti osobe u nepovoljnom polo\u017eaju na tr\u017ei\u0161tu [&hellip;]<\/p>\n","protected":false},"author":1,"featured_media":0,"parent":0,"menu_order":0,"comment_status":"closed","ping_status":"closed","template":"","meta":{"footnotes":""},"class_list":["post-2588","page","type-page","status-publish","hentry"],"_links":{"self":[{"href":"https:\/\/www.uztebesam.hr\/index.php\/wp-json\/wp\/v2\/pages\/2588","targetHints":{"allow":["GET"]}}],"collection":[{"href":"https:\/\/www.uztebesam.hr\/index.php\/wp-json\/wp\/v2\/pages"}],"about":[{"href":"https:\/\/www.uztebesam.hr\/index.php\/wp-json\/wp\/v2\/types\/page"}],"author":[{"embeddable":true,"href":"https:\/\/www.uztebesam.hr\/index.php\/wp-json\/wp\/v2\/users\/1"}],"replies":[{"embeddable":true,"href":"https:\/\/www.uztebesam.hr\/index.php\/wp-json\/wp\/v2\/comments?post=2588"}],"version-history":[{"count":3,"href":"https:\/\/www.uztebesam.hr\/index.php\/wp-json\/wp\/v2\/pages\/2588\/revisions"}],"predecessor-version":[{"id":3020,"href":"https:\/\/www.uztebesam.hr\/index.php\/wp-json\/wp\/v2\/pages\/2588\/revisions\/3020"}],"wp:attachment":[{"href":"https:\/\/www.uztebesam.hr\/index.php\/wp-json\/wp\/v2\/media?parent=2588"}],"curies":[{"name":"wp","href":"https:\/\/api.w.org\/{rel}","templated":true}]}}

<p>Cilj projekta jest osigurati kvalitetniji život osoba s invaliditetom, povećati socijalnu uključenost osoba s najtežom vrstom i stupnjem invaliditeta i intelektualnim teškoćama te zaposliti osobe u nepovoljnom položaju na tržištu rada.&nbsp;</p>



<p>Ciljna skupina projekta su osobe s najtežom vrstom i stupnjem invaliditeta te intelektualnim teškoćama. Osobni asistenti pružaju podršku osobama s invaliditetom u provođenju aktivnosti svakodnevnog življenja i samozbrinjavanja poput: pripremanja hrane i hranjenja, obavljanja fizioloških potreba, odijevanja, transfera, održavanja osobne higijene, mobilnosti, obavljanja administrativnih poslova, pratnju i pomoć u različitim socijalnim aktivnostima.&nbsp;</p>



<p>Usluga osobne asistencije u našoj udruzi se provodi od 2016. godine, a trenutno je obuhvaćeno 6 korisnika.</p>



<div class="wp-block-columns is-layout-flex wp-container-core-columns-is-layout-28f84493 wp-block-columns-is-layout-flex">
<div class="wp-block-column is-layout-flow wp-block-column-is-layout-flow">
<figure class="wp-block-image size-full"><img fetchpriority="high" decoding="async" width="720" height="541" src="https://uztebesam.hr/wp-content/uploads/2022/01/Osobna-asistencija.jpg" alt="" class="wp-image-2913" srcset="https://www.uztebesam.hr/wp-content/uploads/2022/01/Osobna-asistencija.jpg 720w, https://www.uztebesam.hr/wp-content/uploads/2022/01/Osobna-asistencija-300x225.jpg 300w, https://www.uztebesam.hr/wp-content/uploads/2022/01/Osobna-asistencija-230x173.jpg 230w, https://www.uztebesam.hr/wp-content/uploads/2022/01/Osobna-asistencija-350x263.jpg 350w, https://www.uztebesam.hr/wp-content/uploads/2022/01/Osobna-asistencija-480x361.jpg 480w" sizes="(max-width: 720px) 100vw, 720px" /></figure>
</div>



<div class="wp-block-column is-layout-flow wp-block-column-is-layout-flow">
<figure class="wp-block-image size-large"><img decoding="async" width="1024" height="768" src="https://uztebesam.hr/wp-content/uploads/2022/01/Nordijsko-hodanje-1024x768.jpg" alt="" class="wp-image-2915" srcset="https://www.uztebesam.hr/wp-content/uploads/2022/01/Nordijsko-hodanje-1024x768.jpg 1024w, https://www.uztebesam.hr/wp-content/uploads/2022/01/Nordijsko-hodanje-300x225.jpg 300w, https://www.uztebesam.hr/wp-content/uploads/2022/01/Nordijsko-hodanje-768x576.jpg 768w, https://www.uztebesam.hr/wp-content/uploads/2022/01/Nordijsko-hodanje-920x690.jpg 920w, https://www.uztebesam.hr/wp-content/uploads/2022/01/Nordijsko-hodanje-230x173.jpg 230w, https://www.uztebesam.hr/wp-content/uploads/2022/01/Nordijsko-hodanje-350x263.jpg 350w, https://www.uztebesam.hr/wp-content/uploads/2022/01/Nordijsko-hodanje-480x360.jpg 480w, https://www.uztebesam.hr/wp-content/uploads/2022/01/Nordijsko-hodanje.jpg 1248w" sizes="(max-width: 1024px) 100vw, 1024px" /></figure>
</div>
</div>

<p>Cilj projekta jest osigurati kvalitetniji život osoba s invaliditetom, povećati socijalnu uključenost osoba s najtežom vrstom i stupnjem invaliditeta i intelektualnim teškoćama te zaposliti osobe u nepovoljnom položaju na tržištu [&hellip;]</p>
