{"id":10,"date":"2021-12-29T13:58:31","date_gmt":"2021-12-29T13:58:31","guid":{"rendered":"https:\/\/uztebesam.hr\/new\/?page_id=10"},"modified":"2022-02-09T13:58:59","modified_gmt":"2022-02-09T12:58:59","slug":"povijest-udruge","status":"publish","type":"page","link":"https:\/\/www.uztebesam.hr\/index.php\/povijest-udruge\/","title":{"rendered":"Povijest udruge"},"content":{"rendered":"\t\t<div data-elementor-type=\"wp-page\" data-elementor-id=\"10\" class=\"elementor elementor-10\">\n\t\t\t\t\t\t<section class=\"elementor-section elementor-top-section elementor-element elementor-element-6b9f2975 elementor-section-boxed elementor-section-height-default elementor-section-height-default\" data-id=\"6b9f2975\" data-element_type=\"section\" data-e-type=\"section\">\n\t\t\t\t\t\t<div class=\"elementor-container elementor-column-gap-default\">\n\t\t\t\t\t<div class=\"elementor-column elementor-col-100 elementor-top-column elementor-element elementor-element-542d7f9c\" data-id=\"542d7f9c\" data-element_type=\"column\" data-e-type=\"column\">\n\t\t\t<div class=\"elementor-widget-wrap elementor-element-populated\">\n\t\t\t\t\t\t<div class=\"elementor-element elementor-element-3ac99583 elementor-widget elementor-widget-text-editor\" data-id=\"3ac99583\" data-element_type=\"widget\" data-e-type=\"widget\" data-widget_type=\"text-editor.default\">\n\t\t\t\t\t\t\t\t\t\n<p><img decoding=\"async\" width=\"120\" height=\"120\" class=\"wp-image-45\" style=\"width: 120px;\" src=\"https:\/\/uztebesam.hr\/wp-content\/uploads\/2021\/12\/cropped-logo-e1641025457907.png\" alt=\"\" \/><\/p>\n\n\n\n<p>Udruga savjetovali\u0161ta \u201eUz tebe sam\u201c osnovana je 11. 3. 2007. na inicijativu roditelja djece s te\u0161ko\u0107ama u razvoju Vara\u017edinske \u017eupanije i grada Vara\u017edina. Osnovana je s ciljem savjetovanja, edukacije, razvitka i unapre\u0111enja psihofizi\u010dkih sposobnosti i osamostaljivanja osoba s razli\u010ditim vrstama te\u0161ko\u0107a u razvoju. Korisnici Udruge su djeca s te\u0161ko\u0107ama u razvoju (djeca s TUR), a uklju\u010dena su djeca s poreme\u0107ajima u pona\u0161anju, u\u010denju, tjelesnim o\u0161te\u0107enjima, djeca smanjenih intelektualnih sposobnosti, mlade osobe s invaliditetom (mlade OSI) s vi\u0161estrukim o\u0161te\u0107enjima i njihove obitelji.\u00a0<\/p>\n\n\n\n<p>Mlade OSI i djeca s TUR posebno su osjetljive dru\u0161tvene skupine koje iziskuju dodatnu skrb i podr\u0161ku.<\/p>\n\n\n\n<p>Tijekom godina postojanja Udruge provedeni su brojni projekti, aktivnosti, manifestacije i priredbe. Kroz njih su se ostvarivali specifi\u010dni ciljevi poput unapre\u0111enja vje\u0161tina korisnika za svakodnevno funkcioniranje, poticanje nediskriminacije, uklju\u010divanje korisnika u svakodnevni \u017eivot zajednice, osiguravanje medicinske, rehabilitacijske i habilitacijske skrbi, edukacija i psiholo\u0161ka podr\u0161ka roditeljima\/skrbnicima korisnika, osiguravanje treninga socijalizacijskih vje\u0161tina. Udruga je kroz svoj rad fokusirana i na uklanjanje prepreka i stavova koji vode diskriminaciji i socijalnom isklju\u010divanju mladih OSI, djece s TUR te odraslih osoba s invaliditetom, osoba s nedostatnim obrazovanjem za primjerenu konkurentnost na tr\u017ei\u0161tu rada. Djelovanje Udruge je usmjereno i prema ostalim osobama koje se nalaze u nepovoljnom polo\u017eaju spram dru\u0161tvene ve\u0107ine, imaju\u0107i za cilj aktivno uklju\u010divanje istih u javni \u017eivot zajednice i omogu\u0107avanje sudjelovanja u svim aspektima funkcioniranja zajednice, \u0161to je od interesa za javno dobro te pridonosi razvoju i ja\u010danju civilnog dru\u0161tva.\u00a0<\/p>\n\n\n\n<p>Kako bi se korisnicima osiguralo podizanje razine kvalitete \u017eivota provode se razli\u010diti projekti. Istoimeni projekt \u201eUz tebe sam\u201c obuhva\u0107a osobnu asistenciju mladim osobama s najte\u017eim stupnjem invaliditeta i zapo\u0161ljavanje osoba u nepovoljnom polo\u017eaju na tr\u017ei\u0161tu rada. \u201eTata-mata u\u010denje\u201c projekt je kojim se omogu\u0107uje individualiziran pristup u\u010denicima sa specifi\u010dnim te\u0161ko\u0107ama u u\u010denju, a naglasak se stavlja na razvoj metoda u\u010denja i poticanje motivacije za u\u010denje. Od ostalih kontinuiranih projekata zna\u010dajni su \u201eVjetar u le\u0111a\u201c unutar kojeg se provodi fizikalna terapija te novoosnovani \u201eKlub smijeha\u201c, jedan od inovativnih na\u010dina suzbijanja stresa kroz terapije smijehom. Pandemija uzrokovana virusom COVID-19 uvelike je promijenila funkcioniranje svijeta i dodatno ote\u017eala \u017eivot marginaliziranih dru\u0161tvenih skupina i njihovih obitelji. S ciljem podr\u0161ke roditeljstvu i lak\u0161em no\u0161enju s posljedicama pandemije pokrenut je projekt \u201eUspje\u0161no roditeljstvo &#8211; sretno dijete\u201c.<\/p>\n\n\n\n<p>Od 2020. Udruga je korisnica Institucionalne podr\u0161ke Nacionalne zaklade koja osigurava financijska sredstava za zapo\u0161ljavanje triju osoba u vidu ja\u010danja organizacijske strukture Udruge. U navedene projekte uklju\u010deni su stru\u010dnjaci u odre\u0111enom podru\u010dju kao \u0161to su psiholozi, fizikalni terapeuti, u\u010ditelji, edukacijski rehabilitatori i osobni njegovatelji.\u00a0\u00a0<\/p>\n\n\n\n<p>U rad udruge tijekom cijele godine uklju\u010deno je preko 50 volontera koji svojim nesebi\u010dnim anga\u017emanom poma\u017eu u provo\u0111enju svih aktivnosti Udruge. Davanjem svog slobodnog vremena, iskustva, znanja, entuzijazma, energije i izra\u017eavanjem empatije pru\u017eaju podr\u0161ku djeci s TUR, mladim OSI i njihovim obiteljima. Volonteri sudjeluju u izvo\u0111enju glazbeno-plesnih, znanstvenih, likovnih, literarnih radionicama za mlade OSI te u kreativno-likovnim radionicama za djecu s TUR. Tako\u0111er asistiraju korisnicima na radionicama, izletima, dru\u017eenjima, posjetima kulturnim ustanovama, poma\u017eu kod prikupljanja i pakiranja poklona za korisnike uo\u010di blagdana, predstavljaju udrugu na raznim manifestacijama i doga\u0111ajima. Sve svoje aktivnosti provode u skladu sa Zakonom o volonterstvu, Eti\u010dkim kodeksom volontera, Pravilnikom o volontiranju i Statutom udruge.<\/p>\n\n\n\n<div class=\"wp-block-media-text alignfull is-stacked-on-mobile is-vertically-aligned-center\" style=\"grid-template-columns: 30% auto;\">\n<figure class=\"wp-block-media-text__media\"><img decoding=\"async\" class=\"wp-image-2364 size-full\" src=\"https:\/\/uztebesam.hr\/new\/wp-content\/uploads\/2020\/12\/129852962_2822676304617420_4642941849034087267_o.jpg\" alt=\"\" \/><\/figure>\n<div class=\"wp-block-media-text__content\">\n<h3 id=\"plaketa-i-medalja-grada-varazdina\" class=\"has-text-align-center has-text-color wp-block-heading\" style=\"color: #000000;\"><strong>Plaketa i medalja Grada Vara\u017edina<\/strong><\/h3>\n\n\n\n<p class=\"has-text-align-center has-extra-small-font-size\">Za uspje\u0161an, kvalitetan i stru\u010dan rad 2018. Udruzi je dodijeljena Plaketa Grada Vara\u017edina, a 2020. godine predsjednica Udruge Marina Kere\u0161a primila je Medalju Grada Vara\u017edina zbog doprinosa na podru\u010dju socijalne skrbi.<\/p>\n\n\n\n<div class=\"wp-block-image\">\n<figure class=\"aligncenter size-full is-resized\"><img fetchpriority=\"high\" decoding=\"async\" class=\"wp-image-2835\" src=\"https:\/\/uztebesam.hr\/wp-content\/uploads\/2022\/01\/Plaketa-Grada-Varazdina-e1641384138561.jpg\" alt=\"\" width=\"466\" height=\"278\" srcset=\"https:\/\/www.uztebesam.hr\/wp-content\/uploads\/2022\/01\/Plaketa-Grada-Varazdina-e1641384138561-300x180.jpg 300w, https:\/\/www.uztebesam.hr\/wp-content\/uploads\/2022\/01\/Plaketa-Grada-Varazdina-e1641384138561-230x138.jpg 230w, https:\/\/www.uztebesam.hr\/wp-content\/uploads\/2022\/01\/Plaketa-Grada-Varazdina-e1641384138561-350x210.jpg 350w\" sizes=\"(max-width: 466px) 100vw, 466px\" \/><\/figure>\n<\/div>\n<\/div>\n<\/div>\n\t\t\t\t\t\t\t\t<\/div>\n\t\t\t\t\t<\/div>\n\t\t<\/div>\n\t\t\t\t\t<\/div>\n\t\t<\/section>\n\t\t\t\t<\/div>\n\t\t","protected":false},"excerpt":{"rendered":"<p>Udruga savjetovali\u0161ta \u201eUz tebe sam\u201c osnovana je 11. 3. 2007. na inicijativu roditelja djece s te\u0161ko\u0107ama u razvoju Vara\u017edinske \u017eupanije i grada Vara\u017edina. Osnovana je s ciljem savjetovanja, edukacije, razvitka [&hellip;]<\/p>\n","protected":false},"author":1,"featured_media":0,"parent":0,"menu_order":0,"comment_status":"closed","ping_status":"closed","template":"","meta":{"footnotes":""},"class_list":["post-10","page","type-page","status-publish","hentry"],"_links":{"self":[{"href":"https:\/\/www.uztebesam.hr\/index.php\/wp-json\/wp\/v2\/pages\/10","targetHints":{"allow":["GET"]}}],"collection":[{"href":"https:\/\/www.uztebesam.hr\/index.php\/wp-json\/wp\/v2\/pages"}],"about":[{"href":"https:\/\/www.uztebesam.hr\/index.php\/wp-json\/wp\/v2\/types\/page"}],"author":[{"embeddable":true,"href":"https:\/\/www.uztebesam.hr\/index.php\/wp-json\/wp\/v2\/users\/1"}],"replies":[{"embeddable":true,"href":"https:\/\/www.uztebesam.hr\/index.php\/wp-json\/wp\/v2\/comments?post=10"}],"version-history":[{"count":12,"href":"https:\/\/www.uztebesam.hr\/index.php\/wp-json\/wp\/v2\/pages\/10\/revisions"}],"predecessor-version":[{"id":3023,"href":"https:\/\/www.uztebesam.hr\/index.php\/wp-json\/wp\/v2\/pages\/10\/revisions\/3023"}],"wp:attachment":[{"href":"https:\/\/www.uztebesam.hr\/index.php\/wp-json\/wp\/v2\/media?parent=10"}],"curies":[{"name":"wp","href":"https:\/\/api.w.org\/{rel}","templated":true}]}}